 base 2, what is -1000010101001011110100001 - -101?
-1000010101001011110011100
In base 7, what is -2 - -63261104?
63261102
In base 8, what is 21546 - 1244?
20302
In base 14, what is 6302c13 - -5?
6302c18
In base 8, what is 1216 + 15211?
16427
In base 9, what is -4 - 18283347?
-18283352
In base 14, what is -4 + -65cd0b?
-65cd11
In base 4, what is -3 - 31121230211?
-31121230220
In base 12, what is a1a2690 + 2?
a1a2692
In base 10, what is -34893 - -2?
-34891
In base 11, what is 145119 + -1017?
144102
In base 9, what is -5 + 341143372?
341143366
In base 10, what is 19711684 + 11?
19711695
In base 14, what is -dd604c - 2d?
-dd607b
In base 15, what is 3 + 335888a?
335888d
In base 14, what is b5 - 133322?
-13324b
In base 15, what is -3bbdb2 + -81?
-3bbe43
In base 6, what is 1433541 - 23112?
1410425
In base 6, what is 445403330 + 4?
445403334
In base 2, what is -1000000010000011 + -11100011110000?
-1011100101110011
In base 13, what is -3 + 300b76a?
300b767
In base 8, what is -211002 + 260?
-210522
In base 6, what is -1511541253 + 0?
-1511541253
In base 15, what is -44e - 323a?
-3689
In base 10, what is 13326982 - -32?
13327014
In base 2, what is 101 - -101000011100010011100101?
101000011100010011101010
In base 6, what is -2 + 23015204404?
23015204402
In base 6, what is 1030522 - -423?
1031345
In base 10, what is 8657413 + 4?
8657417
In base 12, what is 2 + -b78232?
-b78230
In base 16, what is df9e - -b27?
eac5
In base 2, what is -1 - -111100011010101001100000?
111100011010101001011111
In base 2, what is -110000100111000111001 - 1110111?
-110000100111010110000
In base 8, what is -2 - -106730352?
106730350
In base 8, what is -6670341 - 336?
-6670677
In base 9, what is 253 + 51508?
51762
In base 3, what is 221 - -1000021110012212?
1000021110020210
In base 13, what is -3160368a - 1?
-3160368b
In base 5, what is -11421200 - 143403?
-12120103
In base 7, what is -6644043 - -2?
-6644041
In base 13, what is -11 - 85554?
-85565
In base 4, what is -10 - -322000223113?
322000223103
In base 2, what is -1011 + -1001000010100000110101?
-1001000010100001000000
In base 15, what is 2102deb + 1?
2102dec
In base 14, what is d7 + -11c4bc?
-11c3c5
In base 10, what is -55 + 6578668?
6578613
In base 7, what is -2133 + -451410?
-453543
In base 2, what is -11 + -11000011110101100011000?
-11000011110101100011011
In base 4, what is 1 + 103113031133?
103113031200
In base 6, what is -2255220 - -30?
-2255150
In base 15, what is -22d4d23 - -2?
-22d4d21
In base 10, what is -3186 - -313555?
310369
In base 8, what is 4 + -4334510?
-4334504
In base 4, what is 223223133 - -31330?
223321123
In base 12, what is -48 + -902357?
-9023a3
In base 14, what is 199d2a2 + 4?
199d2a6
In base 13, what is 34c - 17127?
-16aa8
In base 15, what is -256c + 4a?
-2522
In base 11, what is 43 + 189075?
189108
In base 16, what is -241b6c5 + -5?
-241b6ca
In base 14, what is 0 + -1503c9c?
-1503c9c
In base 5, what is 114303 - 10410?
103343
In base 15, what is -d4c7 + -7a?
-d552
In base 4, what is 3023210320311231 + -10?
3023210320311221
In base 8, what is -3615 - 135132?
-140747
In base 2, what is 11110 + 1101110100100010111?
1101110100100110101
In base 8, what is -3057 - 75001?
-100060
In base 15, what is 1 + a7c6c81?
a7c6c82
In base 7, what is -10 + 23322204?
23322164
In base 16, what is -f7 - 42eab?
-42fa2
In base 10, what is 3860 - -154681?
158541
In base 3, what is 20222202 - 11012101?
2210101
In base 10, what is 1201413 + 39?
1201452
In base 16, what is 11b427 - 170?
11b2b7
In base 13, what is -3 + -b6c5616?
-b6c5619
In base 3, what is 20 + -20220101210010212?
-20220101210010122
In base 14, what is -3 + -25b257b?
-25b2580
In base 7, what is 20441 - 3155?
14253
In base 7, what is 5 + -103651401?
-103651363
In base 2, what is -101 + 1111101100001011011010?
1111101100001011010101
In base 16, what is -37 + 60ef8?
60ec1
In base 13, what is -896541 - 5?
-896546
In base 15, what is 2 - -2de681e?
2de6821
In base 6, what is 0 - 233242223?
-233242223
In base 16, what is 79b3 + -27?
798c
In base 12, what is 13b - -11769?
118a8
In base 16, what is 482 + 4239?
46bb
In base 13, what is -8c9a2c + -28?
-8c9a57
In base 4, what is -3212322131 - -20?
-3212322111
In base 9, what is -4016 + -47432?
-52448
In base 11, what is 13 - 3255a75?
-3255a62
In base 9, what is -480242 - -174?
-480057
In base 12, what is 14 + -41b208a?
-41b2076
In base 9, what is 0 - 24205174?
-24205174
In base 9, what is -38768 + 40856?
1077
In base 8, what is -2327 - -77711?
75362
In base 7, what is 442 + -31024?
-30252
In base 12, what is 11159 + 20729?
31886
In base 10, what is -16234771 + -12?
-16234783
In base 14, what is -1b05b7b + 3?
-1b05b78
In base 8, what is 1 - -462731603?
462731604
In base 5, what is -34 + -134243232?
-134243321
In base 4, what is -3323222110 - 21?
-3323222131
In base 8, what is 5 - -225273403?
225273410
In base 15, what is -d + -11e55ea?
-11e5608
In base 6, what is 4 + 215532512?
215532520
In base 6, what is 523335 - 10214?
513121
In base 16, what is -162d29d3 + 2?
-162d29d1
In base 2, what is -10101 - -11111001011100010001001?
11111001011100001110100
In base 2, what is -101011011011000011000011 + 111?
-101011011011000010111100
In base 8, what is 63 + -17707047?
-17706764
In base 2, what is 100101010110 + -100010111?
100000111111
In base 4, what is 12120311330 + 2023?
12120320013
In base 13, what is -9 - -14b1561?
14b1555
In base 11, what is 149a5 + 2324?
17219
In base 12, what is 3 - 18699410?
-18699409
In base 5, what is 313 + 42233212?
42234030
In base 9, what is -13847102 - -4?
-13847087
In base 7, what is 3460 + -4302?
-512
In base 10, what is -88537 - -6401?
-82136
In base 14, what is 2844a6 - 2b?
284479
In base 14, what is -229 - d63c2?
-d660b
In base 7, what is 21661 + 535016?
560010
In base 9, what is -41530358 - 5?
-41530364
In base 12, what is -63a41a4b + 1?
-63a41a4a
In base 3, what is -21 - -120101211111?
120101211020
In base 4, what is -132 - 3102202232?
-3102203030
In base 3, what is 11100 + -201010121210?
-201010110110
In base 3, what is -2022212 + -1110122110001?
-1110201202220
In base 9, what is -82176 - 4502?
-86678
In base 2, what is -10110011 + 111100110100001?
111100011101110
In base 3, what is 11000102002210 + 22?
11000102010002
In base 8, what is -4542161420 - -2?
-4542161416
In base 10, what is -135297106 + -5?
-135297111
In base 8, what is 1150362 + -12?
1150350
In base 9, what is 56 - 12675638?
-12675572
In base 10, what is -13 - -27003?
26990
In base 2, what is 111010111001001100011000 - -110?
111010111001001100011110
In base 9, what is 102343 + 4?
102347
In base 12, what is -3 + 2043aba2?
2043ab9b
In base 2, what is -1 - -10111101100101101011011?
10111101100101101011010
In base 13, what is 314199a + -1?
3141999
In base 7, what is 3351166 - 660?
3350206
In base 15, what is -5d0489 - 9a?
-5d0534
In base 11, what is 270480 - 3?
270478
In base 14, what is -236ab7 - -25?
-236a92
In base 3, what is -10111 - 222111000?
-222121111
In base 6, what is -454 + -103151340?
-103152234
In base 11, what is 14210 + -1748?
12573
In base 13, what is -12c - -3ca8?
3b79
In base 6, what is 45014343 - -41?
45014424
In base 8, what is -5223 - -7640?
2415
In base 4, what is -322000223 + -22033?
-322022322
In base 4, what is 311130201333 - 2?
311130201331
In base 16, what is 7659 - 3?
7656
In base 11, what is 507776 - 24?
507752
In base 8, what is 641 - 723663?
-723022
In base 7, what is 5 - -1512665231?
1512665236
In base 3, what is -11212010 - -20110010122?
20021021112
In base 10, what is 2388 + 5408?
7796
In base 16, what is -cc - -b4028?
b3f5c
In base 3, what is -110101121221100 + -122?
-110101121221222
In base 9, what is -165 + -66304?
-66470
In base 13, what is -6836 - -180c?
-5027
In base 12, what is -4 + 3934397?
3934393
In base 5, what is -11422414 + -244?
-11423213
In base 14, what is 427 + -bbd62?
-bb939
In base 3, what is -2111201 - 1011022110?
-1020211011
In base 15, what is 28c6a + 326?
29091
In base 5, what is 10 + 310124112142?
310124112202
In base 16, what is -3ca5a + 26?
-3ca34
In base 6, what is -340213 + -42211?
-422424
In base 12, what is 25719 - 96?
25643
In base 7, what is 564062 - -24613?
622005
In base 16, what is acf + -2ad3?
-2004
In base 5, what is 32432020 - 14234?
32412231
In base 10, wha